tor of d and h?
18
Suppose 8*c - c - 21 = 0. Suppose 0 = 4*t + 3*u - 4*u - 65, -c = -u. What is the highest common factor of t and 34?
17
Let r = -62 + 65. Suppose -2*h + r*h + b = 16, -2*h + 62 = -4*b. What is the highest common factor of 3 and h?
3
Let t be -6 + 9 + (23 - 2). Suppose -3*o + 12 + 60 = 0. What is the highest common factor of o and t?
24
Suppose -2*g + 6*g = 0. Suppose -5*w - 16 - 4 = g, 4*m = 5*w + 32. Let r = m + 7. What is the greatest common factor of r and 70?
10
Let x(u) = u**2 - 37*u + 152. Let w be x(33). Calculate the greatest common factor of w and 16.
4
Let f(j) = j**2 - j - 2. Let r be (0 - 2) + 2 + -2. Let o be f(r). Suppose -4 = -d + 2. What is the greatest common factor of d and o?
2
Suppose 5*x - 31 = 4*g + 19, 4*x = 4*g + 44. What is the greatest common divisor of 3 and x?
3
Let r(z) = z**2 + 4*z + 9. Let x be r(3). What is the greatest common divisor of 210 and x?
30
Let m = 151 + -83. What is the greatest common divisor of 4 and m?
4
Suppose -6*b = -486 + 432. Calculate the highest common divisor of 207 and b.
9
Let q(o) be the second derivative of -o**5/10 - o**4/4 - o**3/2 + o**2/2 + 3*o. Let d be q(-2). Calculate the greatest common divisor of 88 and d.
11
Let s(u) = -u**2 - 5*u - 2*u**2 + u + 10 + 5*u**2. Let t be s(-5). Calculate the greatest common factor of 10 and t.
10
Suppose -4*r - 53 + 587 = g, 0 = -2*r - 4*g + 260. Let u = r - 119. What is the highest common factor of u and 255?
15
Let h(s) = -s**2 + s - 5. Let t be h(0). Suppose 0 = 8*l + 47 + 41. Let y = t - l. What is the greatest common divisor of 42 and y?
6
Suppose -45 + 5 = -2*b. Suppose 2*k = 4*k + 2*q - 444, 5*k + 3*q - 1106 = 0. Calculate the greatest common divisor of k and b.
20
Let x be -3*68/(-12) - -2. Suppose 13*d + 120 = x*d. Suppose -2*z + 373 = 5*m - 119, 0 = -3*m - z + 296. Calculate the greatest common factor of d and m.
20
Let j be ((-33)/(-2) - -1) + (-3)/2. Suppose -j = -3*w + 32. What is the greatest common factor of w and 32?
16
Let h(x) = -x**3 + x**2 - 2. Let d be h(-2). Let b be (12/(-8))/(-3)*d. Suppose 145 = b*v + 50. Calculate the greatest common divisor of 190 and v.
19
Suppose 0 = -5*c + c + 88. Suppose c = 3*p - 0*p + 4*q, 4*p - 5*q = -12. Calculate the greatest common factor of p and 18.
2
Let t(f) = -f**2 - 14*f + 4. Let a(u) = -u - 1. Let n(z) = -a(z) - t(z). Let j be n(-16). What is the highest common factor of 52 and j?
13
Let v(r) = -r**3 - 2*r**2 + 13. Suppose -51 = 9*o - 6. Let f be v(o). What is the highest common divisor of 8 and f?
8
Suppose -y - 5*c = -9 - 26, -2*c + 29 = y. Let u(r) = 5*r**2 - 25*r - 155. Let p be u(-6). What is the highest common divisor of p and y?
25
Let z = 28 - 49. Let r = z + 17. Let t be 4 + r + -1 + 10. Calculate the highest common divisor of t and 1.
1
Let c(s) = 4*s**2 - 51*s + 12. Let j(f) = -2*f**2 + 26*f - 6. Let g(k) = 3*c(k) + 7*j(k). Let t be g(13). Calculate the highest common divisor of t and 11.
11
Let d(i) = 16*i - 230. Let n be d(17). Calculate the highest common factor of n and 273.
21
Let j = -33 - -33. Suppose 30 = -j*a + 5*a. Calculate the greatest common factor of 24 and a.
6
Let m = 12 - 7. Let l(o) = -17*o - 2. Let x(p) = 9*p + 1. Let s(g) = -3*l(g) - 5*x(g). Let v be s(9). Calculate the highest common divisor of v and m.
5
Let p be (-6)/(-1 - -3) + (21 - 3). Suppose -j + 2*c = 3*c - p, 0 = -4*c + 8. Suppose 7*v - 325 = 2*v. What is the greatest common divisor of j and v?
13
Suppose -23*h - 22*h + 3735 = 0. Calculate the highest common factor of 83 and h.
83
Let v = -7 + 2. Let q be (v + 6)/((2/(-1))/(-26)). Let t be (1 + 77)*(-1)/(-1). Calculate the highest common divisor of q and t.
13
Suppose -3*l - 2*l = -110. Suppose 7*d + 11 = 32. Suppose 9 = -d*f, -4*m + 19 = -5*f - 84. Calculate the highest common divisor of m and l.
22
Suppose 12*a + 810 = 6*a. Let o = a + 163. What is the greatest common divisor of o and 56?
28
Let v = 132 + -57. Let j = -50 + v. Suppose -b = -2 - 3. What is the greatest common factor of j and b?
5
Let q be 148 - 0*(0 - -1). What is the greatest common factor of 74 and q?
74
Suppose 12*c = l + 17*c - 774, 4*c = 5*l - 3783. Calculate the greatest common divisor of l and 138.
69
Suppose -3*l = -2*c + 14, c + 4*c = -2*l + 54. What is the greatest common factor of 310 and c?
10
Suppose 3*b = -5*h + 1355, -2*h - 1084 = -6*h + 2*b. Let j = h - 26. Let f be (-2)/11 - j/(-77). What is the highest common factor of 15 and f?
3
Suppose -24*a = -1029 - 819. What is the greatest common factor of 22 and a?
11
Let y(f) = -17*f + 8. Let k be y(-6). Let n(g) = 2*g**2 - 11*g + 4. Let o be n(8). Calculate the greatest common divisor of o and k.
22
Suppose 5*m - 13*m + 27*m = 76. Let f be 2/3 + 68/6. What is the greatest common divisor of m and f?
4
Suppose -334 + 202 = -6*g. What is the highest common factor of 88 and g?
22
Suppose w - 21 = -0. What is the highest common divisor of 7 and w?
7
Let d(j) = j**2 + 2*j - 9. Let b be d(4). Suppose -3*v - b = 0, 4*i + 0*i - 30 = -2*v. What is the highest common factor of 5 and i?
5
Let y(z) = 5*z**2 - 5*z + 5. Let q be y(5). What is the highest common factor of 42 and q?
21
Suppose 0 = 2*n - 7*n + 475. What is the greatest common divisor of 399 and n?
19
Suppose 5*h - 1875 = 2*h. Calculate the highest common factor of 50 and h.
25
Suppose -12*d - 11*d + 2070 = 0. What is the highest common factor of d and 54?
18
Let i be (2 + 5/(-2))/((-7)/1960). Calculate the greatest common divisor of 350 and i.
70
Let d(t) = -2*t - 2. Let p be d(-6). Let l = -8 + p. Let u be (-1 + (-2 - -13))*l. What is the greatest common divisor of 60 and u?
20
Suppose 0 = -3*k + 2*k + 2. Suppose p = 3*r + 10 - 78, 0 = -2*p - 4. Calculate the greatest common factor of r and k.
2
Let w = -466 - -789. Calculate the highest common factor of 17 and w.
17
Let r(v) = -v**2 + 5. Let d be r(-4). Let w = d - -14. What is the greatest common divisor of 15 and w?
3
Suppose 5*o = 3*i - 125 - 49, -144 = 4*o - 4*i. Let w = 54 + o. What is the greatest common factor of 28 and w?
7
Suppose 44*v - 1107 = 3*v. What is the highest common divisor of 243 and v?
27
Let h be 4/(-8)*(-1 + -5). Suppose 0 = 2*v - v - h. Suppose 0 = v*q + p + p - 92, -2*p + 28 = q. Calculate the highest common factor of 80 and q.
16
Let t = 46 + -48. Let l(x) = -11*x**3 - x**2 - x + 4. Let q be l(t). Calculate the greatest common divisor of q and 10.
10
Let d(h) = -h**3 + 15. Let y be d(0). Suppose -16*s + y*s + 15 = 0. What is the highest common divisor of 30 and s?
15
Suppose 9 = 2*x - 4*m - 103, -52 = -x - 2*m. Suppose 0 = -l + 3*l. Suppose j + 13 - 49 = l. Calculate the greatest common divisor of x and j.
18
Suppose 3*y = -5*u + 1185, -8*y + 5 = -9*y. Calculate the highest common factor of u and 96.
48
Let y(d) = -d**3 - 2*d - 6*d**2 - d**2 + 8 + d**2. Let t(k) = k - 18. Let p be t(12). Let a be y(p). Calculate the greatest common divisor of 140 and a.
20
Let z be (-1)/(-5) + 3638/85. Let a = z - 23. Calculate the highest common factor of a and 260.
20
Let v(c) = 18*c + 45. Let x be v(0). Let b = 7 + -5. Let r be (-2)/b + 20 - 1. Calculate the highest common factor of r and x.
9
Suppose 7*o - 4*o = -78. Let v = o + 41. Suppose 150*b = 151*b - 6. Calculate the greatest common factor of v and b.
3
Suppose y = t + 5*y - 85, -1 = -y. Suppose -5*f = -0*f + 10. Let u be -9*(0 - (f - -3)). What is the greatest common factor of t and u?
9
Suppose -9 + 5 = -2*h. Let q be (-7)/((-4)/24*h). What is the greatest common divisor of 231 and q?
21
Let h(u) = 7*u - 4. Let j(q) = 2*q - 19. Let t be j(11). Let s be h(t). Calculate the greatest common factor of 17 and s.
17
Suppose 0 = n + 1286 - 1299. What is the highest common factor of n and 91?
13
Let i(k) = -k**3 - 2*k**2 - 6*k + 18. Let n be i(-6). Calculate the greatest common divisor of 54 and n.
18
Let k(v) = -v**2 - v. Let z(x) = 9*x**2 - 7*x + 24. Let r(h) = 6*k(h) + z(h). Let q be r(7). What is the highest common divisor of q and 32?
16
Let a be 4/(-10) - (-2424)/60. Calculate the greatest common factor of a and 260.
20
Let g = -79 + 99. Suppose -30*w = -g*w - 870. Calculate the greatest common divisor of 29 and w.
29
Suppose 6*w - 67 = -223. Let u be w/4*(-2 - 0/(-2)). What is the greatest common divisor of u and 26?
13
Let 